Let k be c(-6). Suppose 5*o = -2*h + 79 - 20, 0 = 2*o - 2*h - k. What is the remainder when 38 is divided by o?
12
Suppose -f + 21 = 2*f. Suppose -11 - 9 = -5*o, -4*o + 106 = 5*n. What is the remainder when n is divided by f?
4
Suppose -k + 2 = -8. Suppose 0*g = 2*g - k. Calculate the remainder when 9 is divided by g.
4
What is the remainder when 34 is divided by (-6)/(-4) + 33/6?
6
Let z = -2 - 2. Calculate the remainder when 8 is divided by 1/2*-2 - z.
2
Let p = 13 - 9. Let k be (-7578)/(-63) - p/14. Suppose -4*y - y = -k. What is the remainder when y is divided by 13?
11
Let v(j) = 4*j + 1. Let l be v(-2). Let h(g) be the first derivative of g**3/3 - g**2/2 + 9*g + 6. What is the remainder when h(l) is divided by 22?
21
Suppose -24 = -3*k - 0. Let i = -3 + k. What is the remainder when 13 is divided by i?
3
Let d(r) = 11*r**2 + 13*r + 2. What is the remainder when 123 is divided by d(-3)?
61
Suppose -2*b - 2*l + 168 = b, 0 = 5*l. What is the remainder when b is divided by (-62)/(-4) + (-1)/2?
11
Suppose 2*j = 2*r + 16, 3*r - 3 + 21 = -3*j. Let q = 10 - r. Calculate the remainder when (-202)/(-6) + 2/(-3) is divided by q.
16
Let o(g) = g + 2. Suppose 3*j + 2 = -5*f, 5*f - 2*j + 0 = 18. What is the remainder when f/8 - 78/(-8) is divided by o(4)?
4
Let o = -39 - -52. Calculate the remainder when 60 is divided by o.
8
Let h(o) = 3*o**3 - 1. Let q be h(1). Suppose g + 0*f = -q*f - 1, -5*g + 50 = -f. Calculate the remainder when 33 is divided by g.
6
Suppose -4*a = 5*z - 5*a - 142, -2*z = -3*a - 62. Suppose -162 = -5*d + z. Suppose 3 = 2*g + 5*k - 3, -3*k = 12. What is the remainder when d is divided by g?
12
Suppose -38*q = 4*q - 504. Let m = 66 + -44. What is the remainder when m is divided by q?
10
What is the remainder when 18 is divided by (5/(-2))/(4/(-8))?
3
Let y(k) = 2*k - 8. Let z be y(6). Let n = 3 + z. Calculate the remainder when n is divided by 5.
2
Suppose -5*j = -3*c + 12, 3*j + 2*c - 16 = -2*c. Suppose j = -u + 3. Calculate the remainder when u is divided by (-3)/1*(-1)/3.
0
What is the remainder when 17 is divided by -4 - (8/5)/(10/(-50))?
1
Let j(w) = -w**2 - 8*w - 3. Let p be ((1 - 1) + -1)*7. Let b be j(p). Suppose -z + b = 3*z. Calculate the remainder when 1 is divided by z.
0
Suppose -f = -v + 10, -4*v - 4 = -3*f - 47. Calculate the remainder when 2147/57 - (-2)/(-3) is divided by v.
11
Let l = -135 + 152. What is the remainder when 133 is divided by l?
14
Let b = 58 + -33. Let h = -10 + b. What is the remainder when h is divided by 8?
7
Suppose 2*v - 4*s - 128 = 0, 0 = -5*v + 5*s + 335 - 40. Suppose 79 = 4*z - a, -4*z - 2*a = 3*a - 61. Calculate the remainder when v is divided by z.
16
Suppose 4*r - 4*i - 28 = 0, -i - 2*i = 12. Suppose -r*w + 5*q + 71 = 0, 2*w - 3*q - 24 - 23 = 0. What is the remainder when w is divided by 8?
6
Let r = -6 - -8. Suppose 0 = -i + 3*i + 5*f - 25, r*f - 6 = 0. Suppose -o + 4*h = -i*o + 72, 44 = 4*o - 3*h. What is the remainder when 26 is divided by o?
12
Let z(x) = -x**3 + x**2 + 4*x + 2. Let k(l) = -l**2 + 19*l - 9. Calculate the remainder when z(-3) is divided by k(18).
8
Let b(l) = l**3 + 14*l**2 - 21*l + 13. What is the remainder when b(-15) is divided by 21?
19
What is the remainder when 13 is divided by ((-2)/(-3))/(9/108)?
5
Suppose -10 = -4*w - 3*c + 3, -5*w + 3*c + 23 = 0. What is the remainder when 19 is divided by w?
3
Suppose -z = -10 - 10. Let k(r) = 11*r**2 - 3*r + 1. Calculate the remainder when k(2) is divided by z.
19
Calculate the remainder when 40 is divided by (-1)/((-20)/(-22) + -1).
7
Let u = -70 + 101. What is the remainder when 1*((u - 0) + 2) is divided by 17?
16
Let o be (-12)/(-9)*(-9)/6. What is the remainder when 13 - (o - (-4 + 0)) is divided by 4?
3
Suppose -1 = 5*p + 9, 38 = 5*v - 4*p. Suppose -2*m - 9 = m. Let w(t) = 3*t**2 + 3*t - 2. What is the remainder when w(m) is divided by v?
4
Let p = 44 - 42. Calculate the remainder when 8 is divided by p.
0
Suppose 3*r + 1 = 5*r - y, -y - 1 = 0. Let j(n) = -n**3 - n**2 + 10. What is the remainder when j(r) is divided by 4?
2
Let i = -8 - -8. Let q = 13 - i. What is the remainder when 50 is divided by q?
11
Let s(p) = 4*p**3 - p + 1. Let u be s(1). Suppose -5*a + 22 = 2*d, -3*d = a + u*a - 18. Suppose k - 12 = 11. What is the remainder when k is divided by a?
5
Suppose -i + 4*i = -4*r + 385, 291 = 3*r + 3*i. What is the remainder when r is divided by 16?
14
Let l = -29 + 20. Let p = -8 + 34. What is the remainder when p is divided by 1/((-1)/l*1)?
8
Let t(c) = -3*c - 1. What is the remainder when t(-4) is divided by 4?
3
Suppose -2*t - 2*t + 92 = 4*r, -r + t = -31. What is the remainder when r is divided by 10?
7
Calculate the remainder when (-623)/(-5) - 6/(-15) is divided by 32.
29
Let h = -76 - -42. Let q = h - -47. What is the remainder when q is divided by (-1)/(1/((-5)/1))?
3
Let p(b) = b**3 - b**2 + 2. Let l = -92 - 95. Let q = -129 - l. Calculate the remainder when q is divided by p(3).
18
Let f(u) = u**2 + 2*u + 20. Calculate the remainder when f(0) is divided by (-2)/6 + (-22)/(-3).
6
Suppose 0*o + o = 11. Suppose 0 = -4*m - 3 + o. Suppose 3*g - 29 = -2*a, 2*a + 2*a - m*g - 50 = 0. What is the remainder when a is divided by 7?
6
Suppose 0 = -8*m + 9*m - 12. Calculate the remainder when 43 is divided by m.
7
Suppose 42 = -4*s + 11*s. What is the remainder when 27 is divided by s?
3
Suppose 17*z + 54 = 19*z. Calculate the remainder when 53 is divided by z.
26
Let u = -13 - -64. Suppose -5*h + u = -44. Suppose 0*j = -j + 10. What is the remainder when h is divided by j?
9
Suppose -5*n = 5*b - 50, 4 = 5*n - 2*b - 11. Suppose -5*k - 5 = 0, 0 - 6 = -r - 3*k. Calculate the remainder when r is divided by n.
4
Let w = -3 - -16. Let u(s) = -7*s**3 - s**2 + 1. Calculate the remainder when w is divided by u(-1).
6
Let k be (-6)/21 - (-2)/7. Let o(z) = z**3 - z**2 + z + 13. Calculate the remainder when o(k) is divided by 7.
6
Let i(s) = -49*s + 3. What is the remainder when i(-1) is divided by 18?
16
Calculate the remainder when 4 is divided by (-12)/(-10) + 15/(-75).
0
Suppose 85 - 5 = 5*s. Suppose -5*j + 180 = 2*m - 7*m, -20 = 4*m. What is the remainder when j is divided by s?
15
Let m(z) = -5*z**3 - 3*z**2 - 3*z - 5. Calculate the remainder when 115 is divided by m(-2).
28
Calculate the remainder when (-2)/1*1 + 8 is divided by ((-9)/6)/((-9)/24).
2
What is the remainder when 52 is divided by 3 - (-6 + (4 - 6))?
8
Let v be 2*31*1/2. Suppose 0 = 2*q + 5*t - v, 4*t - 19 = 2*q - t. Calculate the remainder when q is divided by 2.
1
Let m be (2/4)/(2/4). What is the remainder when 26 is divided by (m + 17/(-3))*-3?
12
Let z(i) be the second derivative of 2*i**3/3 - 13*i**2/2 + 5*i. What is the remainder when 80 is divided by z(10)?
26
Let r = 2 - 0. Suppose r*t = 6*t - 180. Suppose -5 = -5*z + t. Calculate the remainder when 19 is divided by z.
9
Let j(z) = -z + 2. Let u be j(4). Let n(r) be the third derivative of -r**6/60 - r**5/20 - r**4/8 - 2*r**2. What is the remainder when 18 is divided by n(u)?
8
Let q = -2 + -2. Let v be (-6)/q*(-20)/15. Let a = 10 - v. What is the remainder when 35 is divided by a?
11
Let x = -38 + 26. Calculate the remainder when 2/3*(-15)/(-2) is divided by ((-6)/(-9))/((-4)/x).
1
Suppose 5*l - 3*l - 34 = -2*m, -93 = -4*l + m. Suppose -5*z + l = -3*z. Calculate the remainder when z is divided by 4.
3
Let s = 3 + 1. Let a = 17 - s. Let q = -32 + 55. What is the remainder when q is divided by a?
10
Suppose -n + 2*l - 6*l = -72, 4*n + 2*l = 288. Calculate the remainder when n is divided by 15.
12
Let w(p) = p**2 + 8*p + 10. Calculate the remainder when -1 + (-4 + 17 - 2) is divided by w(-7).
1
Suppose 10 = -2*c + 3*f + 155, -f = 3*c - 223. What is the remainder when c is divided by 11?
8
Suppose -3*s + 34 = -a, -s - 2*a + 1 = -1. Suppose 3*m = i + 4*m - 44, i - 2*m = 29. What is the remainder when i is divided by s?
9
Let u be (1/3)/(1/6). Let d = 5 - u. What is the remainder when 10 is divided by -9*3/(-3) - d?
4
Let s(b) = -b**3 - 2*b**2 + 7*b + 2. Calculate the remainder when 124 is divided by s(-5).
40
Let a(j) = -2*j + 8. Let d be a(-9). Suppose -d = -2*o - 0. What is the remainder when 49 is divided by o?
10
Let i = -59 + 86. What is the remainder when i is divided by 14?
13
Let c(g) = 2